102?
51
Let i be (2 + -7)/(-15) + 26873/21. What is the highest common factor of 5 and i?
5
Let f = 6450 - 6428. Let x(l) = l - 1. Let k be x(6). Let n be (22/4)/(k/10). What is the highest common factor of f and n?
11
Let m(w) = w**3 - 8*w**2 + 9*w - 8. Let i be m(7). Suppose x = t - i*t + 32, x - 56 = 3*t. What is the highest common factor of x and 94?
47
Let m be (-4)/30 + 2/(-60)*-2014. Calculate the highest common divisor of 938 and m.
67
Let a(k) = -5*k**2 + 26*k + 2. Let f be a(13). Let z = f - -670. What is the greatest common factor of 198 and z?
33
Suppose 0 = -0*s + 2*s - 110. Suppose -2*l - 5*q - s = -5*l, 7 = l + 4*q. Suppose -23*m + 326 = 188. What is the greatest common divisor of m and l?
3
Let d be ((-20)/(-7))/((1/(-3))/(546/(-468))). What is the greatest common divisor of d and 53?
1
Suppose 5*o + 231 = 5*v + 8*o, -3*v + 138 = 2*o. Suppose 5*q - 3*q = 4*x + v, q - 21 = 5*x. What is the greatest common divisor of q and 26?
26
Suppose 53*w - 21*w = 4320. Calculate the greatest common factor of w and 3753.
27
Let b be (177 + -1 + 0)*(3 + 231/14). Calculate the highest common divisor of 468 and b.
156
Suppose -14*o - 13924 = -4432. Let p = -580 - o. Let l(m) = -m**3 + 6*m**2 + 2*m + 2. Let i be l(6). What is the highest common divisor of p and i?
14
Let z = 570 + -546. Suppose j = -2*d + 5, -5*d + z*j - 10 = 19*j. Let s = 0 - -1. What is the greatest common divisor of s and d?
1
Let c = -3446 - -3512. Calculate the highest common factor of 5918 and c.
22
Let h(u) = -836*u - 10496. Let p be h(-13). Let g be 194/8 - 2/8. Calculate the greatest common divisor of g and p.
12
Let c(y) = 9*y**2 - y - 4. Let k be c(4). Let g = 39044 + -38840. What is the greatest common divisor of k and g?
68
Let h(g) = -g**3 - 24*g**2 + 67*g + 45. Let a be h(-27). Suppose -9600 + a = -21*s. What is the highest common divisor of s and 23?
23
Let d be (-28)/9 + 44/396 - -91. Calculate the greatest common divisor of 803 and d.
11
Suppose 9*c - 5*c = 8. Let h(x) = -5*x**c - 4 + 6*x**2 + 9*x + 3*x**3 - 4*x**3. Let t be h(-4). What is the greatest common divisor of 10 and t?
10
Let c be (75/(-9))/(-5)*27/45. Let k(o) be the first derivative of -5*o**4/2 + o**2 + o - 8. Let p be k(-1). Calculate the greatest common divisor of p and c.
1
Suppose 22*d - 1268 - 191452 = 0. What is the greatest common divisor of d and 360?
120
Let a(o) = -o**3 + 8*o**2 - 9*o. Let d be a(6). Suppose 4*k - d = -2. Let b = 108 + -96. Calculate the greatest common factor of k and b.
4
Let m(a) = 3*a**3 - 3*a**3 + 5*a**2 + a**3 + 1. Let v be m(-4). Suppose 1379*j + 274 - 1923 = 1282*j. What is the highest common factor of j and v?
17
Suppose -20*x - 40 = 40. Let i be (2112/9)/16 + x/6. Calculate the greatest common divisor of 217 and i.
7
Let y be (-36)/(-12) - ((-1 - -2) + -54). Suppose -3*b + 2*b + 3 = 0. Suppose -5*c + m + 85 = 4*m, -15 = -b*m. What is the greatest common divisor of c and y?
14
Suppose w - 1 = 2*i - 6, -3*i = 3*w - 21. Suppose 21*x = -w*x + 7080. Calculate the greatest common divisor of x and 118.
59
Let x(t) = -3*t**2 + 19*t - 13. Let g be x(7). Let c be 6/g + 15564/54. Calculate the highest common factor of 12 and c.
12
Suppose 303 = 5*x + 4*v, 2*v = -5*x + 5*v + 289. Calculate the highest common divisor of 7375 and x.
59
Suppose 0 = -3*v + 3*h + 123, -3*v + 4*h + 28 = -91. Let p be (v/21)/(-5) + (-17)/(-7). What is the highest common factor of 8 and p?
2
Let a be (3*-1 - (12 - 45))/1. Let g be a/(-4) + 6/4. Let w be (3 + g/(-3))*(0 - -1). What is the highest common factor of w and 5?
5
Let g(b) = 40*b - 688. Let v be g(22). What is the greatest common factor of 336 and v?
48
Let y = 59 - 50. Let u(a) = 7*a - 15. Let s be u(y). Suppose -t - 4*n + 128 = 0, 2*n = -t + 10 + 114. Calculate the greatest common divisor of t and s.
24
Suppose -51*u + 11691 = 2715. What is the greatest common divisor of u and 5137?
11
Suppose 4214 = 2*i + 2*v, 16*v - 11*v + 8365 = 4*i. Calculate the highest common divisor of i and 750.
150
Let a(g) = 39*g**2 - 40*g + 30. Let i be a(10). Calculate the greatest common factor of i and 20.
10
Let t(b) = 16*b**2 - b. Let v be t(-1). Suppose -24*g - 32*g + 39032 = 0. What is the greatest common factor of g and v?
17
Suppose -7316 = -35*z + 4*z. Calculate the greatest common factor of z and 4366.
118
Suppose 197*q + 128520 = 401*q. What is the highest common factor of 3960 and q?
90
Let m(q) = q**3 - 26*q**2 - 52*q - 4. Let c(j) = 5*j**3 - 4*j**2 - 2*j + 8. Let o be c(2). Let t be m(o). What is the highest common factor of t and 24?
12
Let l = 374 + -370. Suppose -8*d + 9*d = -l, 3*x - 4*d - 1861 = 0. What is the greatest common factor of x and 15?
15
Let k(a) = -850*a + 529. Let s be k(-14). Calculate the greatest common factor of 18 and s.
9
Let k be ((-8)/3*-6)/2. Suppose 12 - k = 4*r. Let s be 13*r/(-2)*-2. Calculate the highest common divisor of s and 65.
13
Let g be 1*(4/(-10))/(3/(-315)). Calculate the highest common factor of g and 2709.
21
Suppose 3*l = 9, -q - 2*l - 675 = -1683. What is the highest common divisor of 4843 and q?
167
Let h(n) = 174*n**2 + 158*n. Let m be h(15). What is the greatest common divisor of m and 240?
240
Let f(l) = 8022*l**2 - 5*l + 4. Let h be f(1). Calculate the highest common factor of h and 13.
13
Let v(x) = -x**2 - 81*x + 1400. Let c be v(14). What is the highest common divisor of c and 2870?
70
Suppose 2088 = -216*l + 207*l. Let m = 295 + l. Suppose -3*s + 7*s - 84 = 2*f, -5*s - f + 105 = 0. Calculate the greatest common divisor of m and s.
21
Let o(g) be the second derivative of g**3/6 - 5*g**2/2 - 5*g. Let r be o(14). Let a be (63/21)/(3/9). Calculate the highest common factor of r and a.
9
Suppose 30*x = 5*x + 454926 - 134876. What is the highest common factor of x and 74?
74
Suppose -5*t + 43 + 17 = 0. Suppose 11*u - t = -188. Let j be 4/22 + u/88 - -414. What is the greatest common divisor of 46 and j?
46
Let q(g) = -g**2 + 154*g - 1353. Let p be q(141). What is the highest common factor of 1040 and p?
80
Suppose -q - c - 8 = -0*c, 4*c = -3*q - 28. Let o be (-3*q/36)/((-2)/6). Let p be -58*(1/1)/o. Calculate the highest common factor of p and 87.
29
Let w = -1318 - -2653. What is the highest common factor of w and 15?
15
Let g be (-7)/(539/(-1211)) + -10*3/(-110). Let d be (2 - -14)*(2 + 0). Calculate the highest common factor of g and d.
16
Suppose 12*h = 4*h + 13440. Suppose -h = -18*o + 2*o. What is the highest common factor of o and 21?
21
Suppose 17*n = -10*n - 81. Let b be (6 - (3 - n)) + 27. Calculate the highest common factor of 27 and b.
27
Suppose 0 = 3*w + 3, -2*f - 2*w = 2*w - 92. Let l(c) = -18*c - 294. Let i be l(-39). Calculate the highest common factor of f and i.
24
Let k(t) = 2*t**3 + t. Let a be k(2). Let f be (-1353)/(-44) + (-36)/48. Calculate the highest common divisor of f and a.
6
Suppose -10*i = 18*i + i - 3161. Calculate the greatest common divisor of i and 872.
109
Let j be ((-308)/(-42))/11*510. Calculate the greatest common factor of j and 80.
20
Let g(h) = 4*h**3 + 13*h**2 + 12*h + 5. Let w be g(3). What is the highest common divisor of 182 and w?
14
Let g be 40/380 + 796/19. Let v = -37 - -55. Let h = v + -12. Calculate the greatest common factor of h and g.
6
Let c be (2184/68 - 3) + 548/(-4658). Let u = 86 + 262. What is the highest common divisor of c and u?
29
Suppose -3*k = -8*v + 26801, 19*v - 16*v = 2*k + 10053. What is the highest common factor of 1182 and v?
197
Let x(a) = a**2 - 17*a - 3750. Let k be x(72). Calculate the greatest common divisor of k and 29190.
210
Let i(j) be the third derivative of -j**3 + 19/15*j**5 + 4*j**2 + 5/24*j**4 + 0*j + 0. Let s be i(1). Calculate the highest common factor of 15 and s.
15
Let y = -189 - -153. Let g be (y/20)/(((-6)/220)/1). What is the greatest common factor of g and 66?
66
Suppose -85*v = -38*v - 38*v - 378. Calculate the greatest common divisor of 1834 and v.
14
Let h = -8 + -20. Let s = 44 + h. Calculate the greatest common divisor of 304 and s.
16
Let r(w) = -4*w**3 + 7*w**2 - 16*w + 42. Let p be r(4). Let j = p - -413. What is the greatest common factor of j and 13?
13
Suppose -161 = -5*x - p + 314, 0 = -11*x + 4*p + 1014. What is the greatest common factor of x and 6721?
47
Let l(q) = 31*q + q**2 - 12*q 